{"id":269,"date":"2013-04-04T13:18:05","date_gmt":"2013-04-04T13:18:05","guid":{"rendered":"http:\/\/www.alter-nativ.fr\/label\/?page_id=269"},"modified":"2013-04-04T20:17:57","modified_gmt":"2013-04-04T20:17:57","slug":"laurent-david-the-way-things-go","status":"publish","type":"page","link":"http:\/\/www.alter-nativ.fr\/label\/laurent-david-the-way-things-go\/","title":{"rendered":"Laurent David : The Way Things Go"},"content":{"rendered":"<p><a href=\"http:\/\/www.alter-nativ.fr\/label\/wp-content\/uploads\/2013\/04\/twtg-banner.jpg\"><img loading=\"lazy\" class=\"alignnone size-full wp-image-286\" title=\"twtg-banner\" src=\"http:\/\/www.alter-nativ.fr\/label\/wp-content\/uploads\/2013\/04\/twtg-banner.jpg\" alt=\"the way things go\" width=\"580\" height=\"374\" srcset=\"http:\/\/www.alter-nativ.fr\/label\/wp-content\/uploads\/2013\/04\/twtg-banner.jpg 580w, http:\/\/www.alter-nativ.fr\/label\/wp-content\/uploads\/2013\/04\/twtg-banner-300x193.jpg 300w, http:\/\/www.alter-nativ.fr\/label\/wp-content\/uploads\/2013\/04\/twtg-banner-204x131.jpg 204w\" sizes=\"(max-width: 580px) 100vw, 580px\" \/><\/a><\/p>\n<p>Suite aux diff\u00e9rentes exp\u00e9riences men\u00e9es sous le nom \u00ab\u00a0The Way Things Go\u00a0\u00bb que vous avez pu d\u00e9couvrir sur notre label, Laurent David poursuit son\u00a0hommage au travail des artistes <a title=\"the way things go\" href=\"http:\/\/youtu.be\/RTobV-Gnv-8\" target=\"_blank\">Peter Fischli et David Weiss<\/a> et nous pr\u00e9sente un album sur lequel il est entour\u00e9 d&rsquo;une pl\u00e9iade d&rsquo;excellents musiciens !<\/p>\n<p>Depuis 2 ans, ce nouveau projet se pr\u00e9pare et se peaufine, sur sc\u00e8ne, (sous des formes diff\u00e9rentes, duos, trios, et plus r\u00e9cemment en quintet) et en studio. L&rsquo;album a \u00e9t\u00e9 supervis\u00e9 par jean-Michel Kajdan, que l&rsquo;on retrouve avec bonheur \u00e0 la guitare sur \u00a0le titre \u00ab\u00a0Not Yet\u00a0\u00bb.<\/p>\n<p>Le disque est en vente au prix de 10 euros dans <a title=\"boutique laurent david\" href=\"http:\/\/www.laurent-david.com\/ld_boutique\" target=\"_blank\">la boutique de Laurent David<\/a>.<br \/>\n(Paiement\u00a0s\u00e9curis\u00e9\u00a0par carte bancaire avec le\u00a0syst\u00e8me\u00a0paypal)<\/p>\n<p><strong>d\u00e9couvrez les extraits :<\/strong><\/p>\n<p>[soundcloud]https:\/\/soundcloud.com\/oldavidlo\/laurentdavidthewaythingsgo[\/soundcloud]<br \/>\n<a href=\"http:\/\/www.alter-nativ.fr\/label\/wp-content\/uploads\/2013\/04\/thewaythingsgo.jpg\"><img loading=\"lazy\" class=\"alignleft size-full wp-image-290\" title=\"thewaythingsgo\" src=\"http:\/\/www.alter-nativ.fr\/label\/wp-content\/uploads\/2013\/04\/thewaythingsgo.jpg\" alt=\"the way things go - laurent david\" width=\"270\" height=\"300\" srcset=\"http:\/\/www.alter-nativ.fr\/label\/wp-content\/uploads\/2013\/04\/thewaythingsgo.jpg 270w, http:\/\/www.alter-nativ.fr\/label\/wp-content\/uploads\/2013\/04\/thewaythingsgo-183x204.jpg 183w\" sizes=\"(max-width: 270px) 100vw, 270px\" \/><\/a><strong><\/strong><\/p>\n<p><strong>Les titres :<\/strong><\/p>\n<p><strong> 1- Open Closed<\/strong><br \/>\n<strong> 2- Not Yet <\/strong>(alternate take)<br \/>\n<strong> 3- Three Little Pigs<\/strong><br \/>\n<strong> 4- Fourty<\/strong><br \/>\n<strong> 5- Macula<\/strong><br \/>\n<strong> 6- Bad E<\/strong><br \/>\n<strong> 7- So Confused<\/strong><br \/>\n<strong> 8- A Case Of You<\/strong><br \/>\n<strong> 9- Not Yet<\/strong><\/p>\n<p><a href=\"http:\/\/www.laurent-david.com\/ld_boutique\" target=\"_blank\" class=\"button \">Commander l'album - 10\u20ac<\/a><\/p>\n\n<p>&nbsp;<\/p>\n<p><strong>d\u00e9couvrez l&rsquo;EPK :<\/strong><\/p>\n<p><iframe loading=\"lazy\" width=\"500\" height=\"281\" src=\"http:\/\/www.youtube.com\/embed\/6_QOGSff3LQ?feature=oembed\" frameborder=\"0\" allowfullscreen><\/iframe><\/p>\n<p><strong>Les musiciens:<\/strong><\/p>\n<p>Basse: Laurent David<br \/>\nBatterie: Maxime Zampieri, JC Calvet, Anne Paceo, Thierry Arpino<br \/>\nSax: Guillaume Perret, C\u00e9line Bonacina, Thomas Puybasset<br \/>\nTrompette: Ibrahim Maalouf<br \/>\nGuitare: Nenad Gajin, Jean-Michel Kajdan, Alex Jacquemin<br \/>\nRhodes: Frank Woeste, Pablo Vergara<br \/>\nChant sur \u00ab\u00a0A case of you\u00a0\u00bb: Alice Orpheus<\/p>\n<p>Prise de son, mixage: Antoine Delecroix<br \/>\nMastering: J\u00e9r\u00f4me Loyer @ Studio Cube<\/p>\n<p>Editions: Music Box Publishing<\/p>\n<p><a href=\"http:\/\/www.musicboxpublishing.fr\/\"><img loading=\"lazy\" class=\"alignleft size-full wp-image-295\" title=\"logo_music-box-publishing\" src=\"http:\/\/www.alter-nativ.fr\/label\/wp-content\/uploads\/2013\/04\/logo_music-box-publishing.jpg\" alt=\"\" width=\"175\" height=\"54\" \/><\/a><\/p>\n<p>&nbsp;<\/p>\n<p>&nbsp;<\/p>\n","protected":false},"excerpt":{"rendered":"<p>Suite aux diff\u00e9rentes exp\u00e9riences men\u00e9es sous le nom \u00ab\u00a0The Way Things Go\u00a0\u00bb que vous avez pu d\u00e9couvrir sur notre label, Laurent David poursuit son\u00a0hommage au travail des artistes Peter Fischli et David Weiss et nous pr\u00e9sente un album sur lequel il est entour\u00e9 d&rsquo;une pl\u00e9iade d&rsquo;excellents musiciens ! Depuis 2 ans, ce nouveau projet se [&hellip;]<\/p>\n","protected":false},"author":1,"featured_media":0,"parent":0,"menu_order":0,"comment_status":"closed","ping_status":"closed","template":"","meta":[],"_links":{"self":[{"href":"http:\/\/www.alter-nativ.fr\/label\/wp-json\/wp\/v2\/pages\/269"}],"collection":[{"href":"http:\/\/www.alter-nativ.fr\/label\/wp-json\/wp\/v2\/pages"}],"about":[{"href":"http:\/\/www.alter-nativ.fr\/label\/wp-json\/wp\/v2\/types\/page"}],"author":[{"embeddable":true,"href":"http:\/\/www.alter-nativ.fr\/label\/wp-json\/wp\/v2\/users\/1"}],"replies":[{"embeddable":true,"href":"http:\/\/www.alter-nativ.fr\/label\/wp-json\/wp\/v2\/comments?post=269"}],"version-history":[{"count":26,"href":"http:\/\/www.alter-nativ.fr\/label\/wp-json\/wp\/v2\/pages\/269\/revisions"}],"predecessor-version":[{"id":285,"href":"http:\/\/www.alter-nativ.fr\/label\/wp-json\/wp\/v2\/pages\/269\/revisions\/285"}],"wp:attachment":[{"href":"http:\/\/www.alter-nativ.fr\/label\/wp-json\/wp\/v2\/media?parent=269"}],"curies":[{"name":"wp","href":"https:\/\/api.w.org\/{rel}","templated":true}]}}